275
Let s(d) = -333*d - 96000. Give s(-293).
1569
Let b(k) = 62*k**3 + 387*k**2 - 45*k + 3. Calculate b(-6).
813
Let p(x) = -4*x**2 + 245*x - 16. What is p(63)?
-457
Let k(r) = -77*r - 6831. Give k(-86).
-209
Let j(w) = 4*w**2 + 213*w - 795. Calculate j(-52).
-1055
Let i(n) = -1286895*n + 3860692. Determine i(3).
7
Let r(v) = -v**3 + 53*v**2 - 405*v - 1. Determine r(9).
-82
Let l(v) = 6*v**2 + 584*v - 690. Give l(-98).
-298
Let s(i) = 6445*i - 309391. What is s(48)?
-31
Let v(n) = n**3 - 9*n**2 - 13*n - 232. Give v(13).
275
Let y(z) = 27*z + 1419. What is y(-52)?
15
Let t(f) = 224681*f + 449150. Calculate t(-2).
-212
Let s(p) = p**2 + 1316*p + 49793. Determine s(-39).
-10
Let h(c) = 8*c**3 - 692*c**2 - 359*c + 1085. Determine h(87).
128
Let b(l) = -20847*l + 83166. Determine b(4).
-222
Let w(c) = -c**3 + 59*c**2 - 103*c + 2896. Determine w(58).
286
Let w(p) = p**3 - 3*p**2 - 761*p - 3607. Give w(-5).
-2
Let r(u) = 4*u**3 - 6*u**2 - 47*u - 414. Give r(0).
-414
Let t(a) = -1511*a**2 + 4546*a - 45. Calculate t(3).
-6
Let l(n) = 1684635*n - 6738550. Calculate l(4).
-10
Let c(q) = -46*q**2 - 3175*q - 3203. Give c(-68).
-7
Let x(l) = 143*l - 1971. Calculate x(10).
-541
Let b(p) = p**3 - 215*p**2 - 433*p - 12. What is b(-2)?
-14
Let h(d) = d**3 - 228*d**2 + 649*d + 5838. Give h(225).
-12
Let b(r) = -3*r**2 - 261*r - 841. What is b(-83)?
155
Let f(x) = -2*x**3 - 9*x**2 + 879*x + 4517. What is f(-5)?
147
Let l(m) = -5*m**2 - 169*m + 1575. Determine l(11).
-889
Let h(i) = -i**3 - 3*i**2 + 585*i + 92. Give h(23).
-207
Let w(y) = -y**3 + 5*y**2 + 534*y - 105. Give w(-21).
147
Let a(v) = -4*v**3 + 45*v**2 + 506*v - 43. Determine a(19).
-1620
Let c(x) = -29*x + 4801. What is c(159)?
190
Let m(y) = 4141*y + 3478438. Give m(-840).
-2
Let f(c) = c**3 - 22*c**2 + 761*c - 20886. Determine f(25).
14
Let q(t) = -305*t**2 - 10053*t - 10. Give q(-33).
-406
Let o(u) = 2*u**2 - 286*u + 1371. Determine o(5).
-9
Let x(f) = 2*f**3 + 3296*f**2 + 2*f + 17. Determine x(0).
17
Let c(g) = 2*g**3 - 57*g**2 - 58*g - 184. Determine c(30).
776
Let d(y) = -295*y**2 + 197*y - 576. Give d(3).
-2640
Let y(w) = 9189*w + 18236. Determine y(-2).
-142
Let i(z) = 532*z**2 - 29790*z - 357. Calculate i(56).
-245
Let z(k) = -5*k**3 + 478*k**2 - 451*k + 15770. What is z(95)?
0
Let c(h) = -h**3 - 5*h**2 + 227*h + 168. Calculate c(-18).
294
Let g(u) = u**3 - 9*u**2 + 8176*u - 115446. Determine g(14).
-2
Let w(i) = 15223*i - 30391. Give w(2).
55
Let p(f) = 145941*f - 2335059. Calculate p(16).
-3
Let q(u) = -u**3 + 8*u**2 - 5*u + 3432. Determine q(18).
102
Let v(j) = -22335*j - 3506611. Determine v(-157).
-16
Let z(t) = -4557*t - 4052. Calculate z(-1).
505
Let w(j) = j**2 + 624*j + 17432. What is w(-30)?
-388
Let o(p) = 22*p**2 - 361*p + 11. Determine o(0).
11
Let k(m) = -m**3 + 481*m**2 - 31435*m + 435. Calculate k(403).
32
Let a(w) = -34744*w + 521195. Determine a(15).
35
Let r(i) = i**3 - 305*i**2 - 4288*i - 56764. What is r(319)?
18
Let r(u) = -7812*u - 15635. Give r(-2).
-11
Let f(o) = -o**3 - 10*o**2 + 864*o + 5311. What is f(-6)?
-17
Let b(z) = 9314*z + 130401. Give b(-14).
5
Let g(j) = -2*j**2 - 14066*j - 6. What is g(0)?
-6
Let n(d) = -666*d + 10023. Calculate n(18).
-1965
Let y(w) = w**3 - 33*w**2 + 98*w - 677. Calculate y(30).
-437
Let x(p) = 5*p**3 - 6*p**2 + 1371*p - 5476. Calculate x(4).
232
Let d(m) = 2*m**3 - 29*m**2 + 79*m - 1741. Determine d(17).
1047
Let z(k) = 1672*k - 181. Give z(0).
-181
Let x(m) = -m**2 - 257*m + 1901. Determine x(7).
53
Let o(f) = -f**3 + 90*f**2 - 33*f - 12545. Give o(88).
39
Let y(j) = j**3 - 12*j**2 - 782*j - 1521. What is y(-2)?
-13
Let r(w) = -2*w**3 - 214*w**2 + 205*w - 127. Give r(-108).
1061
Let h(s) = -1799*s**2 + 10826*s - 185. Determine h(6).
7
Let x(i) = 1705*i - 5673. What is x(3)?
-558
Let s(x) = -60*x**2 - 7020*x + 376. Determine s(-117).
376
Let i(m) = -m**3 - 61*m**2 + 270*m + 624. What is i(-65)?
-26
Let l(i) = -6932029*i - 27728118. Give l(-4).
-2
Let z(a) = 5427*a - 1443678. What is z(266)?
-96
Let a(r) = 10021*r - 40574. Calculate a(4).
-490
Let z(f) = 58*f**2 - 1095*f + 4370. Give z(4).
918
Let v(m) = -2*m**3 - 224*m**2 - 2214*m + 572. Give v(-101).
-236
Let z(h) = -293544*h - 1761281. Give z(-6).
-17
Let m(h) = h**3 + 29*h**2 + 170*h - 7. Determine m(-17).
571
Let z(h) = -h**2 - 457*h + 30268. Give z(-516).
-176
Let u(f) = -f**2 + 4473*f - 229896. Determine u(52).
-4
Let t(i) = -545*i**2 - 8942*i + 8939. What is t(1)?
-548
Let o(y) = 23148*y + 324072. What is o(-14)?
0
Let a(z) = -522*z + 25809. Determine a(49).
231
Let d(y) = -23*y**2 + 255*y - 725. Calculate d(6).
-23
Let a(j) = j**2 + 843*j + 40404. What is a(-51)?
12
Let o(w) = 80*w**2 + 14*w + 198. Give o(0).
198
Let y(a) = -a**3 - 694*a**2 - 69793*a - 5147. Determine y(-572).
1
Let o(s) = -2547*s - 425309. Calculate o(-167).
40
Let l(z) = z**2 - 527*z + 9780. Calculate l(19).
128
Let b(j) = 12*j**2 - 1138*j - 6849. Give b(-6).
411
Let m(v) = -217*v - 14643. Give m(-37).
-6614
Let v(o) = 10577*o + 3638488. Give v(-344).
0
Let h(j) = 204673*j - 3888788. Determine h(19).
-1
Let z(w) = -17*w**3 - 1384*w**2 - 564*w + 248. What is z(-81)?
5
Let w(d) = 3*d**2 - 140*d - 2360. Determine w(-20).
1640
Let m(t) = 2*t**2 + 1363*t - 17855. Determine m(13).
202
Let t(p) = 4423*p + 53097. What is t(-12)?
21
Let i(c) = 3*c**2 + 266*c + 5381. Give i(-29).
190
Let z(j) = j**3 - 101*j**2 + 315*j - 831. Give z(98).
1227
Let b(h) = 98*h**2 - 22666*h + 6600. Give b(231).
132
Let j(g) = 22*g**2 + 6340*g - 4818. What is j(-289)?
384
Let n(v) = v**3 - 35*v**2 + 524*v - 6254. What is n(24)?
-14
Let p(u) = -4*u**3 + 6546*u**2 - 26124*u + 14. Give p(4).
-2
Let w(t) = t**2 + 315*t + 19927. What is w(-227)?
-49
Let l(d) = 16897*d - 152270. Give l(9).
-197
Let r(n) = 4*n**2 + 58*n - 18420. Calculate r(61).
2
Let k(f) = 17*f**2 - 740*f - 2277. What is k(-3)?
96
Let p(v) = -93382*v - 6630136. Calculate p(-71).
-14
Let y(a) = 2*a**3 + 650*a**2 + 16636*a + 128. Determine y(-28).
16
Let x(u) = -313*u + 42273. Determine x(135).
18
Let t(i) = 382*i**3 + 40*i**2 + 83*i - 12. What is t(-2)?
-3074
Let k(s) = -168*s - 11214. Give k(-67).
42
Let h(o) = -31707*o + 127026. What is h(4)?
198
Let w(s) = s**3 - 425*s**2 - 1796*s + 34360. What is w(429)?
40
Let q(o) = 363*o - 14644. Calculate q(40).
-124
Let z(q) = -4*q**2 + 66*q + 928. What is z(-12)?
-440
Let u(k) = 9780*k - 870410. Determine u(89).
10
Let s(p) = 118995*p - 595009. Give s(5).
-34
Let a(t) = 6*t**3 - 29*t**2 - 1065*t + 5337. Give a(5).
37
Let k(c) = -2*c**3 + 36*c**2 + 136*c - 406. What is k(21)?
-196
Let y(u) = 3735*u - 14842. Give y(4).
98
Let f(g) = -431*g - 19356. What is f(-45)?
39
Let q(w) = 9495*w + 7909331. Give q(-833).
-4
Let d(o) = 10*o**2 + 1702*o + 10148. What is d(-164)?
-20
Let m(c) = 5*c**3 + 4279*c - 17133. Determine m(4).
303
Let n(k) = -14*k**3 - 100*k**2 + 129*k + 911. Give n(-7).
-90
Let f(q) = -8*q**2 + 1717*q - 6751. Determine f(4).
-11
Let w(b) = -3*b**2 - 115*b + 469. Calculate w(-41).
141
Let y(r) = -r**3 - 237*r**2 - 1138*r + 5205. Calculate y(-232).
101
Let m(a) = -436*a - 612. Determine m(0).
-612
Let x(d) = 406*d**2 - 665*d - 289. Give x(2).
5
Let a(h) = 3*h**3 - 63*h**2 + 11*h + 83. Calculate a(20).
-897
Let y(h) = -109*h + 392. Determine y(6).
-262
Let f(n) = n**3 - 171*n**2 + 1585*n + 4028. What is f(161)?
3
Let s(y) = 1739*y + 104363. What is s(-60)?
23
Let p(c) = -24164*c + 49936. Give p(2).
1608
Let u(a) = -131*a + 1214. What is u(17)?
-1013
Let l(c) = -3*c**2 + 387*c - 2164. What is l(117)?
2048
Let d(v) = -3*v**2 + 114*v + 42. What is d(40)?
-198
Let g(z) = z**2 + 21*z - 378. What is g(32)?
1318
Let r(d) = -2*d**3 - 108*d**2 - 1208*d - 1479. What is r(-39)?
3
Let o(t) = -30*t - 3230. Determine o(-138).
910
Let a(f) = 25*f**2 + 397*f - 25. Give a(-16).
23
Let r(g) = -246*g + 1581. Determine r(5).
351
Let p(g) = 22*g**3 - 121*g**2 - 31*g - 173. Determine p(6).
37
Let b(z) = -z**3 + 210*z**2 - 813*z - 2033. Give b(206).
233
Let m(x) = -x**3 - 3*x**2 + 2105*x + 8365. What is m(-4)?
-39
Let p(z) = -29955*z - 5571628. Calculate p(-186).
2
Let z(a) = -147*a**3 - 1036*a**2 - 42*a + 5. Determine z(-7).
-44
Let l(c) = 2*c**3 + 84*c**2 + 7*c + 288. Calculate l(-42).
-6
Let q(l) = -l**3 - 33*l**2 + 14*l + 20. Determine q(-32).
-